8 + -10)?
18
0 + 6 - ((43 - 8) + -6)
-23
Calculate -4 + 10 - 15 - -10.
1
What is -2 - (5 + -13 + 10) - 0?
-4
Evaluate -2 + (2 + 4 + -8 - -10) - -2.
8
What is -2 - (-99 + 103 - (0 - 6))?
-12
What is the value of 43 + 0 + 34 + -49 + 0?
28
50 + -47 + (-3 - -4) - (1 - 0)
3
16 - (25 + (-24 - -7))
8
Evaluate 13 + (-21 - (-17 - -12)) + -1 + 0.
-4
Calculate (4 - 7) + 3 - -2 - (-9 - 0).
11
What is the value of -7 + 15 + 17 + -6?
19
What is 2 - 35 - (1 + -33 + 23)?
-24
What is the value of -15 + 8 + -1 + 2 + 2 + -8?
-12
What is the value of -23 - 0 - (37 - 41 - (-6 - -1))?
-24
What is 3 + -7 + 8 - 0 - 2?
2
0 - 2 - (0 + 0 - 6) - 2
2
What is the value of 6 + (-26 - (22 + -58))?
16
Evaluate 73 - (4 - (17 + -61)).
25
Calculate 4 + (-2 - 4) + 1 - (-15 + 2).
12
Evaluate (27 - 23) + -4 - (-2 + 1).
1
What is (-218 - -184) + 25 + 5?
-4
What is -8 - 1 - (-5 + 11 + (-13 - -16))?
-18
8 - (17 + 4 + (-9 - -1))
-5
6 + (-18 - -22) + -26
-16
What is the value of -29 - (19 + -35 - 24)?
11
Evaluate (-2 + 5 - (6 - (10 + 1))) + -4.
4
What is the value of (0 - -3) + (12 - 17) + (-3 - -5)?
0
What is the value of (-14 - (2 + 13)) + 15?
-14
What is the value of 13 - (-4 + -3 + 25)?
-5
Calculate -154 - -149 - ((-1 - (-6 + 2)) + -8).
0
What is 29 - (1 - (25 + -52))?
1
Evaluate 18 + (2 - 22) + (0 + 3 - -9).
10
-3 - -29 - (-6 - (-3 + 8) - -15)
22
What is the value of -17 + (1 - -4) - (-12 + 6)?
-6
1 + -1 - (-19 - (-16 - -2) - -7)
-2
Calculate 26 - 14 - 4 - 10.
-2
46 - 56 - (-19 - (1 + -4))
6
Evaluate (-8 - (2 + 1)) + 35 + -29.
-5
-1 - (-13 - (0 - (10 + -8)))
10
What is the value of 27 + -19 + -6 + 3 + 7?
12
What is 3 + (34 - 46) - (0 + 3)?
-12
Calculate 2 + -3 + 7 - (-15 + 17 + -4).
8
Evaluate -4 + -11 + 1 + (3 - -1).
-10
-15 + ((1 - 0) + -3 - -8)
-9
What is 2 - 13 - (18 + -21)?
-8
Evaluate (4 - (-1 - -11)) + -7.
-13
1 - 12 - 2 - (-50 + (-19 - -75))
-19
What is the value of 9 - ((-23 - -8) + 17)?
7
Evaluate (-4 - 3) + (-7 - -15) + 9.
10
What is -5 - (-10 + 12 + -5 + -6)?
4
What is the value of -2 + -3 - (-4 + 7 + (4 - -1))?
-13
What is the value of (-20 - -10) + 14 - 11?
-7
Calculate (-7 + 6 - 5) + -6 + 32.
20
8 - (32 + -10) - -12
-2
Calculate -4 - (-24 - (6 - -2)).
28
-28 - (-4 - (38 - 14))
0
What is (-61 - -51) + -3 + 5?
-8
25 - (-2 - (4 - 6) - -9)
16
10 + (-2 + -16 - -15 - (3 - 23))
27
What is the value of 14 - (-4 - (8 - 23))?
3
What is -5 + (-3 - 0 - (-61 + 46))?
7
Evaluate 54 - 29 - (-2 + 8).
19
Evaluate -9 + (5 - 4) + 4 - 3.
-7
-7 - (5 - 20 - (-1 + -8 - -2))
1
Calculate -29 + -14 - -89 - 10.
36
What is (-9 - 4) + 28 + -2?
13
What is the value of -44 - -40 - (14 - 2)?
-16
Evaluate -12 + 21 + -9 - (1 + -2).
1
(-57 - -47) + (1 - -3 - 3) + -3
-12
Evaluate 8 + (-14 - (-24 - 14 - -11)).
21
Calculate -7 + -8 + (4 - 16 - -4).
-23
Calculate -17 + 56 + -18 - 27.
-6
What is the value of 12 + (-5 - (-16 - -19))?
4
Calculate (346 - 343 - (1 + (1 - 2))) + 14.
17
Calculate 14 + (3 + -2 + -11 - (14 - 19)).
9
Calculate -4 - -40 - (-2 + (-7 - -5) - -3).
37
Evaluate (-9 - -3) + 1 + -6 + 20 - 17.
-8
What is (-16 - -38 - 13) + -12?
-3
What is the value of 58 + -66 - ((-15 - -15) + 1 + -1)?
-8
Evaluate -15 + (-8 - 2 - -16).
-9
What is the value of (-1 + -7 - (42 - 44)) + -5?
-11
6 + 8 + (-10 - -6)
10
Evaluate (-12 - -1) + (28 - 2) + 56 + -77.
-6
(2 - -32) + 1 - (-10 + 13 + 5)
27
What is the value of 10 - ((2 - (-3 + 3)) + (56 - 64))?
16
Calculate 2 + (-8 + 0 - (254 + -265)).
5
29 + -15 + (21 + -66 - -7)
-24
-4 - (-7 + 19 - (10 - (5 - 1)))
-10
Evaluate 3 + (-2 - (-2 - (9 + -3 + 3))).
12
Evaluate 28 + -30 - (4 + 0 - 1).
-5
What is the value of -16 + -28 + 76 + -18?
14
Evaluate -8 + (124 - 101) + (-8 - 1).
6
-7 - 0 - (-87 - -93)
-13
What is the value of (-1 - -12) + ((4 - 3) + -3 - 3)?
6
What is the value of (-4 - (-1 + 16)) + 0 - -4?
-15
-23 + (21 - 24 - (-6 - -1))
-21
Evaluate 19 + (3 - 5) + (-10 - -3).
10
What is 6 + (13 - 21) + (-7 - -1 - 0)?
-8
-19 + 19 + -7 + -1 + 16
8
What is (0 - -3) + (28 - 27)?
4
Evaluate -1 + -11 - (-47 + 23) - 42.
-30
What is 22 + 11 + -39 - 4?
-10
Evaluate -359 + 378 + -1 + (-3 - (3 - 14)).
26
13 - (-10 - -51 - 9)
-19
(7 - 1 - 13) + 1 - (-1 - 11)
6
-4 - (-3 + 2) - (-7 - -15 - 7)
-4
Evaluate (27 - (29 + -5)) + (0 - -15).
18
Evaluate (2 - 22) + 104 + -82.
2
Calculate -1 + -2 - (-167 + 175).
-11
Calculate 9 + 25 + (-13 - 9) + (-1 - -4).
15
(11 - (7 + -15 - -19)) + 4
4
Evaluate (-1 - -13) + (-196 - -172).
-12
What is 13 - (0 - 2) - 10?
5
(-5 - -16) + (-30 - -7) - 10
-22
What is 0 - (2 - (3 - 3) - (-96 + 95))?
-3
-7 + (1 - -7) + -188 + 190
3
What is the value of 22 + -11 + (13 - 27)?
-3
Calculate (15 - 3) + -15 + 3 - (2 - -5).
-7
What is the value of -33 + 14 - (-30 - -29)?
-18
What is 15 + (-25 - (-2 + (-7 - -8)))?
-9
What is 2 + -19 + 17 + -2?
-2
What is the value of -9 - (-2 + 3 - -1 - (73 - 73))?
-11
(0 - -9 - 1) + (41 + -11 - 25)
13
What is -3 + 3 + (0 - ((-6 - 0) + 4))?
2
What is the value of 1 + -3 - (67 + (-70 - -29))?
-28
-1 - -3 - (3 + (-1 - 4))
4
Calculate -12 - -2 - (2 + -8 + -7).
3
Evaluate (-1 - -5) + 20 + (-52 - -36).
8
(-7 - (-21 + 5)) + -8 + 7 + -39
-31
(0 - 4) + 410 + -410 + -1 + 23
18
What is the value of (-25 - (-42 + 43)) + 63?
37
Evaluate (3 - -5) + -5 + (-3 - -7) + -5.
2
(85 - 82) + (-6 - (0 + -22))
19
What is the value of -235 - -223 - (0 + -5)?
-7
Evaluate (1 - (-3 + 2)) + -3 - -6.
5
Calculate 0 + -31 + (-273 - -291).
-13
What is (-4 - (-13 + 0)) + -1?
8
What is (-9 - -14) + 1 - -10?
16
What is the value of 1 - (-6 - (-1 + 6 + -11) - 8)?
9
Evaluate -17 - (10 + -11 - (2 + -6)).
-20
Calculate (-12 + 2 - (70 + -80)) + 2 + 1.
3
-37 + -1 - (3 - 23)
-18
Evaluate (15 - -1) + 1 + 2968 + -2970.
15
Calculate (-4 - (0 - (3 + -3 - 6))) + -3.
-13
21 + (-48 - -24) + 1
-2
Evaluate -22 + (35 - -2) + 5.
20
Calculate (0 - 2) + -28 - (-28 - -14).
-16
Calculate -8 + 10 + (4 - -2).
8
Evaluate -30 - (15 + -17 + -27).
-1
(1 - -10) + (-16 - -14) + (23 - 41)
-9
What is (-1 - (1 + 4) - (-4 + -2)) + 0?
0
(-106 + 90 - (0 - 6) - 0) + 20
10
Evaluate 7 + (-28 - ((-4 - 1) + (-47 - -47))).
-16
What is the value of -1 + 7 + -3 + -10 - 5?
-12
What is 33 - ((-37 - -62) + -23)?
31
What is (-2 - -2) + -1 + -33 + 11 - 8?
-31
What is the value of 94 - 84 - (-1 + -7) - 6?
12
What is the value of -19 + 0 + 30 + -20?
-9
(-9 - -10) + -6 + (15 - 3)
7
-13 + 11 + 8 + 0 + -2
4
What is -2 + 0 - ((-13 - -17) + -5)?
-1
-5977 + 5968 + (-1 - -2) + 8
0
What is 6 + (-7 + 10 - -13 - 4) + 2?
20
Calculate 18 + (9 - 12) - (6 + -3 + -1).
13
Calculate 3 + 0 + 1 - (-2 - 4 - -3).
7
Evaluate -10 - (9 - (23 - 11 - 6)).
-13
What is the value of -12 + 34 + -10 + -7 + 14?
19
What is -1 + 34 + (-1504 - -1477)?
6
What is the value of (2 - ((-7 - 2) + -27)) + (-12 - -2)?
28
Evaluate -156 + 146 + (0 - 22) - (4 - 2).
-34
What is 19 + -3 - (2 - (-2 + 1 - -5))?
18
(5 - (1 - 15)) + -13
6
Calculate 15 - 43 - (1 + -23).
-6
Calculate -3 + (-1 - 2) - (-84 - -61).
17
What is (-2 - 1 - 1 - -11) + (-5 - -7)?
9
Calculate 4 + 2 + -1 + -4 + 6 + 0.
7
What is the value of (-1 - (-13 + 9)) + 19 + -7?
15
What is (-4 - 19 - (46 + -59)) + -7?
-17
Evaluate 8 + (-7 - (-10 - -14) - (6 - 11)).
2
What is the value of 6 - (12 + -10 + 6) - 2?
-4
8 - (22 + -5) - (-9 + -9)
9
What is 17 - 24 - (0 - (-1 + 2))?
-6
What is -8 - 0 - (-1 - (20 - 4))?
9
Calculate 7 - (24 + (-29 - -9)).
3
Calculate 13 + -4 + -5 - (-1 - -1).
4
What is 0 + 0 + 1 - (164 + -152)?
-11
What is the value of 1 - (8 - 13) - 2?
4
What is 15 - 0 - (-149 - -168)?
-4
(11 - -11 - 16) + -11
-5
-18 + 1 - (63 + -78)
-2
What is the value of 194 - 190 - (1 + -11) - -7?
21
-44 + 15 + 19 + 18
8
What is the value of 7 - (-3 + -14 + 18)?
6
What is the value of -9 - ((5 - 1 - 17) + 7 + -1)?
-2
What is (195 - 176) + (-1 - -3)?
21
Calculate -14 - (2 - 1 - 13).
-2
Evaluate -8 - (-3 - -1) - (151 - 169).
12
Calculate 2 + -4 - (-6 + (1 - (-5 - -1))).
-1
2 + -11 - (-146 - -115)
22
Evaluate 4 - (13 - (-8 - -5 - 2)).
-14
8 - (19 - (6 - -2))
-3
What is the value of -6 - ((-14 - (-23 - -2)) + -11)?
-2
Evaluate 6 + (-1 + 8 - 9) + -17 + 3.
-10
What is the value of 10 - (6 + 3) - 4?
-3
Evaluate (34 - 40) + (-3 - -6).
-3
4 + (-9 + 15 + -10 - (2 - 0))
-2
What is the value of 3 - (22 + -10 + 3)?
-12
Evaluate (8 - 3 - 11) + 13 + 1 + 4.
12
Evaluate -10 + 3 + 17 + -4 + (-3 - 2).
1
What is -27 - -13 - 0 - (-5 + -